55510
Convert -2c413 (base 14) to base 7.
-640223
What is -507328 (base 10) in base 2?
-1111011110111000000
Convert -11012113310 (base 4) to base 12.
-545758
Convert -214060411 (base 7) to base 15.
-11d8e51
Convert -1315711 (base 10) to base 4.
-11001031333
Convert 122000331232 (base 4) to base 3.
110211110212021
Convert 24a55 (base 12) to base 6.
1022545
Convert 34a481 (base 11) to base 12.
229640
137285 (base 9) to base 6
1445122
Convert 5a90 (base 13) to base 4.
3013320
Convert c28580 (base 14) to base 2.
11001000000000010100100
Convert c5ace (base 15) to base 2.
10011001000010000011
What is 103b7 (base 14) in base 6?
501153
-1291b0 (base 12) to base 6
-10321140
What is -37407 (base 10) in base 16?
-921f
What is -1454313 (base 7) in base 11?
-126084
What is -1101101111100000010010 (base 2) in base 14?
-69abbc
What is -10000011100110101 (base 2) in base 6?
-1235541
Convert -338193 (base 16) to base 2.
-1100111000000110010011
Convert -718045 (base 10) to base 7.
-6050266
What is 1088037 (base 9) in base 15?
b9b4a
Convert -189357 (base 12) to base 9.
-725814
Convert 23a0080 (base 12) to base 5.
3233112140
What is 459947 (base 10) in base 12?
1a220b
Convert -7335 (base 15) to base 13.
-b111
-2ba819 (base 12) to base 6
-23541233
-b1d5a0 (base 14) to base 7
-101632160
Convert 70b902 (base 16) to base 12.
2583142
-3014034 (base 5) to base 13
-18b1a
Convert -271206 (base 9) to base 4.
-220100322
-1825dc (base 14) to base 2
-11001111111101100110
-340354001 (base 6) to base 2
-10111100111000011010001
-7311067 (base 9) to base 8
-16712111
What is -101100201 (base 3) in base 6?
-54544
-cc76 (base 13) to base 3
-1110002011
Convert -42332440 (base 5) to base 14.
-93718
264763 (base 8) to base 2
10110100111110011
What is 1000201122212 (base 3) in base 15?
aba9e
-102113200 (base 4) to base 15
-17457
354032 (base 7) to base 14
19389
Convert 1106235 (base 7) to base 12.
670a6
What is -39236 (base 16) in base 8?
-711066
What is 24241304 (base 5) in base 13?
7c849
What is 11010011110101111110 (base 2) in base 3?
1122002021102
What is -103200132 (base 6) in base 2?
-111000000000010111000
Convert -120642102 (base 7) to base 5.
-3411214240
Convert 67aca (base 13) to base 2.
101110000010111001
-11012011102222 (base 3) to base 2
-1000011111110011011010
-100011211 (base 4) to base 7
-363052
What is 73ab5 (base 12) in base 7?
1201616
-534a9 (base 14) to base 2
-110001001000011101
Convert -1023001011 (base 4) to base 11.
-19a946
What is -1444332 (base 6) in base 8?
-243740
What is 20120c (base 15) in base 8?
5635633
What is -1813667 (base 9) in base 5?
-224410003
What is -6804 (base 13) in base 16?
-38ca
-92d5d (base 15) to base 3
-212122101121
What is 28de3d (base 15) in base 4?
13201022101
What is -28725 (base 13) in base 11?
-52041
Convert -3507173 (base 12) to base 3.
-201012221120120
Convert 227085 (base 12) to base 4.
2012212211
-2978207 (base 10) to base 5
-1230300312
Convert 1652324 (base 7) to base 5.
24400342
Convert -139782 (base 15) to base 4.
-3212103122
-134141301 (base 5) to base 8
-2512116
1110100001000011111011 (base 2) to base 5
1433233220
What is -2020201212 (base 3) in base 16?
-acf4
1302241421 (base 6) to base 11
8663282
What is -3d3762 (base 14) in base 11?
-121a79a
What is -590822 (base 10) in base 5?
-122401242
What is -11000101000011000011000 (base 2) in base 8?
-30503030
What is 3835446 (base 9) in base 15?
2b45a9
What is -1dc5c5 (base 16) in base 10?
-1951173
What is 166040 (base 9) in base 3?
12020001100
Convert -1060160 (base 7) to base 16.
-20432
-37250 (base 12) to base 4
-102032130
-13365567 (base 8) to base 3
-12122220010020
4322355 (base 7) to base 16
80964
Convert 16681b (base 16) to base 5.
333442233
What is -3750b6 (base 12) in base 11?
-56555a
26319 (base 13) to base 9
117143
6493 (base 10) to base 3
22220111
What is -3540511 (base 7) in base 9?
-750847
-135a57 (base 14) to base 11
-417557
Convert -824b58 (base 13) to base 4.
-23211233222
Convert 1245521 (base 7) to base 5.
20202332
-102211110221 (base 3) to base 10
-232900
Convert -4a5613 (base 12) to base 3.
-2021120211120
Convert -195ce2 (base 15) to base 7.
-13331651
What is -12100 (base 13) in base 8?
-100544
What is -16fcf (base 16) in base 14?
-26459
-172a11 (base 15) to base 3
-2010001010221
What is 155054040 (base 6) in base 4?
30222202020
-111222101102 (base 3) to base 15
-567ae
Convert -70a6a2 (base 12) to base 8.
-6555532
Convert -1301131130 (base 5) to base 15.
-422145
What is 11363056 (base 9) in base 16?
546de9
25c63 (base 13) to base 6
1301024
Convert -8576572 (base 9) to base 14.
-8796c0
Convert -32ac4 (base 16) to base 10.
-207556
-252626341 (base 7) to base 4
-330333323131
What is -114344614 (base 7) in base 4?
-123022130002
What is 3627017 (base 8) in base 5?
223313311
341ba (base 15) to base 12
7bb27
What is 22015344 (base 6) in base 9?
1208401
Convert -10200102200000 (base 3) to base 5.
-1000111442
Convert 1001000101011101110111 (base 2) to base 7.
26146460
11121000001 (base 3) to base 16
1611d
What is 68173 (base 15) in base 9?
554140
What is -1554312 (base 6) in base 12?
-45998
What is -100101111101111100001 (base 2) in base 8?
-4575741
Convert -859624 (base 12) to base 8.
-10032474
1020200111 (base 4) to base 5
34000411
Convert -b76b (base 14) to base 8.
-75643
Convert 52576 (base 12) to base 2.
11010010110101010
3015555 (base 6) to base 15
2c38e
13103321 (base 4) to base 10
29945
Convert 18b2a52 (base 13) to base 3.
120021102002020
What is 10101100110100001 (base 2) in base 5?
10312411
Convert 297728 (base 11) to base 9.
776517
-3698 (base 16) to base 14
-5144
Convert -100010110001101110 (base 2) to base 10.
-142446
Convert -5a4a55 (base 13) to base 15.
-2c7c33
What is 32283757 (base 9) in base 7?
246320563
What is 224522 (base 9) in base 10?
134561
What is 193a245 (base 11) in base 8?
14403320
1754589 (base 14) to base 13
24c7930
-120552113 (base 6) to base 15
-302200
-11916a (base 12) to base 7
-2265625
Convert -10100000101111001010 (base 2) to base 14.
-131d10
What is 35c1b (base 14) in base 15?
28db5
-174c9a (base 13) to base 8
-2161023
Convert 1203004 (base 6) to base 9.
105204
What is 473e9 (base 16) in base 8?
1071751
Convert 98e3 (base 15) to base 4.
13322010
Convert 11980 (base 15) to base 8.
155521
Convert 3346484 (base 9) to base 16.
1b80f8
What is 201220201101 (base 3) in base 8?
1375474
Convert -11599 (base 14) to base 11.
-29842
Convert dc1a7 (base 16) to base 11.
566385
Convert 533110 (base 9) to base 16.
4d715
-111662555 (base 7) to base 13
-154b317
What is 4ca61 (base 14) in base 9?
316676
What is 8d72a4 (base 14) in base 16?
4992f0
Convert -21210311 (base 5) to base 2.
-101011101010001111
Convert -159896 (base 12) to base 3.
-200202121220
4327f (base 16) to base 5
32300241
Convert 41b71 (base 16) to base 6.
5434053
What is -5b52 (base 16) in base 2?
-101101101010010
What is 2cdc7a (base 15) in base 5?
1024013230
197a0 (base 13) to base 15
ea9c
Convert 20212101210221 (base 3) to base 4.
31322323111
What is 1146165 (base 7) in base 13?
51723
-25a12 (base 16) to base 15
-30a05
Convert 3a438b (base 12) to base 11.
5a7276
What is -49798b (base 13) in base 12?
-70a0b0
What is -42056111 (base 7) in base 16?
-361226
Convert 1049c2 (base 14) to base 12.
226866
-2202021121100 (base 3) to base 9
-2667540
What is 34e2 (base 15) in base 12?
6605
What is 1020415503 (base 6) in base 2?
101000101101010001111111
1088130 (base 9) to base 13
178647
70165 (base 13) to base 5
22401204
Convert -65619 (base 11) to base 16.
-1740f
Convert -14813155 (base 9) to base 6.
-422220552
22200101002122 (base 3) to base 7
54132341
What is 5067721 (base 10) in base 5?
2244131341
What is -134524 (base 8) in base 12?
-23558
What is 3b1553 (base 14) in base 7?
23224033
325446 (base 9) to base 15
3c870
-31150151 (base 6) to base 9
-1622574
-212223011 (base 4) to base 15
-31e05
Convert -12124333 (base 7) to base 15.
-1658cd
-305721 (base 10) to base 11
-199769
What is 40061427 (base 8) in base 11?
48275a9
-85486 (base 9) to base 11
-39526
Convert 1000003210122 (base 4) to base 15.
171a559
Convert 82b4c (base 15) to base 9.
701270
Convert -10110010110000110 (base 2) to base 10.
-91526
What is -11104002 (base 5) in base 2?
-10111110001100001
Convert -641472 (base 8) to base